e prime factors of 4978804?
2, 47, 71, 373
What are the prime factors of 8277340?
2, 5, 413867
List the prime factors of 182424.
2, 3, 11, 691
List the prime factors of 901727.
37, 24371
What are the prime factors of 2921666?
2, 11, 12073
List the prime factors of 258878.
2, 129439
What are the prime factors of 167559?
3, 7, 79, 101
What are the prime factors of 814969?
101, 8069
List the prime factors of 2139237.
3, 79231
List the prime factors of 21701575.
5, 7, 269, 461
What are the prime factors of 484006?
2, 19, 47, 271
List the prime factors of 18017756.
2, 17, 257, 1031
List the prime factors of 279779.
279779
List the prime factors of 45016.
2, 17, 331
What are the prime factors of 1546021?
1051, 1471
What are the prime factors of 1457565?
3, 5, 97171
What are the prime factors of 242490?
2, 3, 5, 59, 137
What are the prime factors of 1800055?
5, 521, 691
What are the prime factors of 84526?
2, 13, 3251
List the prime factors of 8781.
3, 2927
What are the prime factors of 3224682?
2, 3, 31, 5779
What are the prime factors of 5074085?
5, 1014817
What are the prime factors of 4471530?
2, 3, 5, 7, 107, 199
What are the prime factors of 2017257?
3, 11, 61129
List the prime factors of 2150543.
2150543
List the prime factors of 22788538.
2, 23, 41, 43, 281
What are the prime factors of 1919256?
2, 3, 211, 379
What are the prime factors of 2289192?
2, 3, 95383
What are the prime factors of 730851?
3, 11, 22147
What are the prime factors of 234800?
2, 5, 587
What are the prime factors of 221151?
3, 7, 10531
What are the prime factors of 26915548?
2, 11, 103, 5939
List the prime factors of 1162971.
3, 19, 2267
What are the prime factors of 645101?
73, 8837
What are the prime factors of 927911?
17, 54583
What are the prime factors of 337331?
17, 19843
What are the prime factors of 57548?
2, 14387
List the prime factors of 2517300.
2, 3, 5, 2797
List the prime factors of 64539.
3, 71, 101
What are the prime factors of 2621002?
2, 47, 27883
List the prime factors of 7400978.
2, 13, 281, 1013
List the prime factors of 390530.
2, 5, 7, 797
What are the prime factors of 966838?
2, 229, 2111
What are the prime factors of 153214?
2, 76607
List the prime factors of 2882244.
2, 3, 181, 1327
What are the prime factors of 1426840?
2, 5, 35671
List the prime factors of 2011670.
2, 5, 201167
List the prime factors of 123626.
2, 61813
List the prime factors of 12081413.
31, 389723
List the prime factors of 732720.
2, 3, 5, 43, 71
List the prime factors of 1815268.
2, 7, 13, 4987
List the prime factors of 229117.
7, 71, 461
What are the prime factors of 1386215?
5, 53, 5231
List the prime factors of 4395566.
2, 7, 313969
List the prime factors of 180612.
2, 3, 29, 173
List the prime factors of 1046425.
5, 19, 2203
List the prime factors of 7190350.
2, 5, 143807
What are the prime factors of 513029?
11, 46639
List the prime factors of 17826195.
3, 5, 1188413
What are the prime factors of 498369?
3, 271, 613
List the prime factors of 775894.
2, 7, 157, 353
What are the prime factors of 590026?
2, 19, 15527
List the prime factors of 69499.
69499
What are the prime factors of 284284?
2, 7, 11, 13, 71
What are the prime factors of 49785?
3, 5, 3319
What are the prime factors of 513429?
3, 7, 23, 1063
What are the prime factors of 5562117?
3, 11, 19, 2957
What are the prime factors of 2186980?
2, 5, 43, 2543
List the prime factors of 5554178.
2, 7, 23, 47, 367
What are the prime factors of 7519764?
2, 3, 7, 89521
What are the prime factors of 485191?
7, 69313
What are the prime factors of 305609?
17, 17977
List the prime factors of 219876.
2, 3, 73, 251
What are the prime factors of 2196635?
5, 7, 62761
What are the prime factors of 503968?
2, 15749
List the prime factors of 24575.
5, 983
What are the prime factors of 283184?
2, 11, 1609
List the prime factors of 178856.
2, 79, 283
List the prime factors of 2701677.
3, 11, 81869
List the prime factors of 229973.
151, 1523
What are the prime factors of 536933?
536933
List the prime factors of 6701754.
2, 3, 101, 11059
List the prime factors of 402795.
3, 5, 8951
List the prime factors of 4289350.
2, 5, 13, 6599
List the prime factors of 680330.
2, 5, 7, 9719
List the prime factors of 7144193.
7, 1020599
What are the prime factors of 207465?
3, 5, 13831
List the prime factors of 20005119.
3, 19, 116989
List the prime factors of 1080653.
7, 317, 487
List the prime factors of 1201264.
2, 75079
List the prime factors of 1592414.
2, 709, 1123
List the prime factors of 50244.
2, 3, 53, 79
List the prime factors of 18262034.
2, 7, 59, 22109
What are the prime factors of 7297423?
7, 148927
What are the prime factors of 4350263?
4350263
List the prime factors of 6001377.
3, 577, 3467
List the prime factors of 30336128.
2, 347, 683
What are the prime factors of 556335?
3, 5, 13, 317
List the prime factors of 21958493.
41, 535573
List the prime factors of 3008351.
59, 50989
List the prime factors of 3593760.
2, 3, 5, 7487
List the prime factors of 5051169.
3, 19, 109, 271
List the prime factors of 6199368.
2, 3, 7, 36901
List the prime factors of 18227494.
2, 409, 22283
List the prime factors of 34113.
3, 83, 137
What are the prime factors of 151902?
2, 3, 29, 97
What are the prime factors of 4113519?
3, 19, 72167
What are the prime factors of 373233?
3, 7, 2539
What are the prime factors of 920466?
2, 3, 51137
What are the prime factors of 2630847?
3, 41, 73, 293
List the prime factors of 3429861.
3, 19, 3167
What are the prime factors of 2314513?
23, 103, 977
List the prime factors of 1196243.
269, 4447
What are the prime factors of 2918905?
5, 11, 73, 727
List the prime factors of 184268.
2, 7, 6581
What are the prime factors of 21682078?
2, 11, 19, 51871
What are the prime factors of 392590?
2, 5, 11, 43, 83
List the prime factors of 7217596.
2, 1804399
List the prime factors of 116776.
2, 11, 1327
List the prime factors of 541822.
2, 139, 1949
What are the prime factors of 42149?
113, 373
List the prime factors of 58115.
5, 59, 197
List the prime factors of 70020.
2, 3, 5, 389
What are the prime factors of 105131?
13, 8087
What are the prime factors of 3786283?
23, 164621
What are the prime factors of 2040423?
3, 7, 11, 73
List the prime factors of 14682.
2, 3, 2447
What are the prime factors of 787749?
3, 262583
What are the prime factors of 4560410?
2, 5, 31, 47, 313
What are the prime factors of 1424091?
3, 23, 20639
List the prime factors of 755534.
2, 13, 29059
List the prime factors of 1499399.
11, 136309
What are the prime factors of 2573289?
3, 31769
List the prime factors of 32945427.
3, 41, 29761
What are the prime factors of 6674588?
2, 1668647
What are the prime factors of 131697?
3, 14633
List the prime factors of 110999.
7, 101, 157
List the prime factors of 19656782.
2, 9828391
What are the prime factors of 192374?
2, 7, 13, 151
List the prime factors of 100370.
2, 5, 10037
What are the prime factors of 4298528?
2, 13, 10333
List the prime factors of 51398.
2, 31, 829
What are the prime factors of 29173?
29173
What are the prime factors of 4349151?
3, 483239
List the prime factors of 2253654.
2, 3, 13, 9631
What are the prime factors of 274567?
17, 31, 521
List the prime factors of 4757145.
3, 5, 83, 3821
List the prime factors of 733484.
2, 233, 787
What are the prime factors of 2130033?
3, 19, 37369
What are the prime factors of 169027?
23, 7349
List the prime factors of 169043.
7, 19, 31, 41
What are the prime factors of 33187210?
2, 5, 7, 89, 761
List the prime factors of 32021.
11, 41, 71
List the prime factors of 2829897.
3, 7, 23, 31
List the prime factors of 207305.
5, 7, 5923
List the prime factors of 294955.
5, 58991
What are the prime factors of 27137676?
2, 3, 2261473
List the prime factors of 27291550.
2, 5, 11, 13, 347
List the prime factors of 1960632.
2, 3, 29, 313
What are the prime factors of 302665?
5, 11, 5503
List the prime factors of 1525154.
2, 762577
List the prime factors of 3033697.
3033697
List the prime factors of 6607570.
2, 5, 660757
What are the prime factors of 159538?
2, 79769
List the prime factors of 214052.
2, 59, 907
List the prime factors of 10184904.
2, 3, 17, 53, 157
What are the prime factors of 265718?
2, 132859
List the prime factors of 200919.
3, 66973
List th